{"id":51,"date":"2019-12-04T15:41:28","date_gmt":"2019-12-04T15:41:28","guid":{"rendered":"http:\/\/carnevalsclub-dhh.de\/?page_id=51"},"modified":"2024-01-12T09:03:06","modified_gmt":"2024-01-12T08:03:06","slug":"der-verein","status":"publish","type":"page","link":"http:\/\/carnevalsclub-dhh.de\/?page_id=51","title":{"rendered":"Der Verein"},"content":{"rendered":"\n<div class=\"wp-block-group\"><div class=\"wp-block-group__inner-container is-layout-flow wp-block-group-is-layout-flow\">\n<figure class=\"wp-block-gallery aligncenter has-nested-images columns-default is-cropped wp-block-gallery-1 is-layout-flex wp-block-gallery-is-layout-flex\">\n<figure class=\"wp-block-image size-large\"><img loading=\"lazy\" decoding=\"async\" width=\"1024\" height=\"768\" data-id=\"158\" src=\"http:\/\/carnevalsclub-dhh.de\/wp-content\/uploads\/2019\/12\/IMG-20190922-WA0001-1024x768.jpg\" alt=\"\" class=\"wp-image-158\" srcset=\"http:\/\/carnevalsclub-dhh.de\/wp-content\/uploads\/2019\/12\/IMG-20190922-WA0001-1024x768.jpg 1024w, http:\/\/carnevalsclub-dhh.de\/wp-content\/uploads\/2019\/12\/IMG-20190922-WA0001-300x225.jpg 300w, http:\/\/carnevalsclub-dhh.de\/wp-content\/uploads\/2019\/12\/IMG-20190922-WA0001-768x576.jpg 768w, http:\/\/carnevalsclub-dhh.de\/wp-content\/uploads\/2019\/12\/IMG-20190922-WA0001.jpg 1600w\" sizes=\"auto, (max-width: 1024px) 100vw, 1024px\" \/><\/figure>\n\n\n\n<figure class=\"wp-block-image size-large\"><img loading=\"lazy\" decoding=\"async\" width=\"1024\" height=\"497\" data-id=\"161\" src=\"http:\/\/carnevalsclub-dhh.de\/wp-content\/uploads\/2019\/12\/IMG-20191116-WA0008-1024x497.jpg\" alt=\"\" class=\"wp-image-161\" srcset=\"http:\/\/carnevalsclub-dhh.de\/wp-content\/uploads\/2019\/12\/IMG-20191116-WA0008-1024x497.jpg 1024w, http:\/\/carnevalsclub-dhh.de\/wp-content\/uploads\/2019\/12\/IMG-20191116-WA0008-300x146.jpg 300w, http:\/\/carnevalsclub-dhh.de\/wp-content\/uploads\/2019\/12\/IMG-20191116-WA0008-768x373.jpg 768w, http:\/\/carnevalsclub-dhh.de\/wp-content\/uploads\/2019\/12\/IMG-20191116-WA0008.jpg 1600w\" sizes=\"auto, (max-width: 1024px) 100vw, 1024px\" \/><\/figure>\n\n\n\n<figure class=\"wp-block-image size-large is-style-default\"><img loading=\"lazy\" decoding=\"async\" width=\"1024\" height=\"768\" data-id=\"57\" src=\"http:\/\/carnevalsclub-dhh.de\/wp-content\/uploads\/2019\/12\/IMG-20190818-WA0006-1024x768.jpg\" alt=\"\" class=\"wp-image-57\" srcset=\"http:\/\/carnevalsclub-dhh.de\/wp-content\/uploads\/2019\/12\/IMG-20190818-WA0006-1024x768.jpg 1024w, http:\/\/carnevalsclub-dhh.de\/wp-content\/uploads\/2019\/12\/IMG-20190818-WA0006-300x225.jpg 300w, http:\/\/carnevalsclub-dhh.de\/wp-content\/uploads\/2019\/12\/IMG-20190818-WA0006-768x576.jpg 768w, http:\/\/carnevalsclub-dhh.de\/wp-content\/uploads\/2019\/12\/IMG-20190818-WA0006.jpg 1600w\" sizes=\"auto, (max-width: 1024px) 100vw, 1024px\" \/><\/figure>\n<\/figure>\n<\/div><\/div>\n\n\n\n<figure class=\"wp-block-image size-large\"><img loading=\"lazy\" decoding=\"async\" width=\"1024\" height=\"497\" src=\"http:\/\/carnevalsclub-dhh.de\/wp-content\/uploads\/2024\/01\/Kampagneneroeffnung23_24-1-1024x497.jpg\" alt=\"\" class=\"wp-image-352\" srcset=\"http:\/\/carnevalsclub-dhh.de\/wp-content\/uploads\/2024\/01\/Kampagneneroeffnung23_24-1-1024x497.jpg 1024w, http:\/\/carnevalsclub-dhh.de\/wp-content\/uploads\/2024\/01\/Kampagneneroeffnung23_24-1-300x146.jpg 300w, http:\/\/carnevalsclub-dhh.de\/wp-content\/uploads\/2024\/01\/Kampagneneroeffnung23_24-1-768x373.jpg 768w, http:\/\/carnevalsclub-dhh.de\/wp-content\/uploads\/2024\/01\/Kampagneneroeffnung23_24-1-1536x746.jpg 1536w, http:\/\/carnevalsclub-dhh.de\/wp-content\/uploads\/2024\/01\/Kampagneneroeffnung23_24-1.jpg 1863w\" sizes=\"auto, (max-width: 1024px) 100vw, 1024px\" \/><\/figure>\n\n\n\n<h5 class=\"wp-block-heading\">Der Carnevals-Club Dornholzhausen stellt sich vor<\/h5>\n\n\n\n<p>Die Wurzeln unseres Vereins reichen mehr als 30 Jahre zur\u00fcck: Eine Zusammenarbeit der Burschenschaften A\u00dflar, Dornholzhausen, Waldgirmes und Steindorf m\u00fcndete an einem Faschingssamstag in der ersten Karnevalssitzung in einer Turnhalle. <\/p>\n\n\n\n<p>Frohsinn, Heiterkeit, Tanz und n\u00e4rrischer Spott breiteten sich aus und\nfanden in den K\u00f6pfen aller Aktiven eine dauerhafte Heimat. Getreu dem Grundsatz\n&#8218;ab sieben Personen mit dem gleichen Hobby muss man als Verein auftreten&#8216;\ngr\u00fcndeten sich in Folge Vereine, die die saisonale Heiterkeit als erkl\u00e4rtes\nZiel f\u00f6rdern wollten: In A\u00dflar wurde der ACV gegr\u00fcndet und und am 08.12.1984\nfand die &#8218;konstituierende Sitzung&#8216; des CCD statt: Im Keller eines Gasthauses\ngr\u00fcndeten 10 Menschen den Verein, um in und mit unserem Dorf n\u00e4rrisch zu sein\n(mit Dorf waren es dann also 11). In enger Zusammenarbeit mit den anderen\nVereinen des Dorfes wuchsen Aktivit\u00e4ten und M\u00f6glichkeiten und 1988 fand die\nerste, eigene Galaprunksitzung am Faschingssamstag statt. <\/p>\n\n\n\n<p>1992 wurde unser Verein in das Vereinsregister eingetragen und als\ngemeinn\u00fctzig anerkannt; wir sind Mitglied im Interessenverband\nMittelrheinischer Karneval sowie im Bund Deutscher Karneval. <\/p>\n\n\n\n<p>Neben den mittlerweile etablierten Veranstaltungen wie Kampagnen-Er\u00f6ffnung zum 11. 11., Galaprunksitzung am Faschingssamstag, Ausrichten einer Kinderfaschingssitzung und Heringsessen am Aschermittwoch, sind Besuche der Sitzungen der benachbarten und befreundeten Vereine, Mitwirken am Seniorenfasching der Gemeinde und Zusammenarbeit mit den Vereinen vor Ort wichtige und richtige Elemente.<br>Unser Ziel ist, in der n\u00e4rrischen Zeit in der Dorfgemeinschaft Frohsinn, Heiterkeit und Narrentum zu f\u00f6rdern und zu verbreiten. Fr\u00f6hlicher Tanz und n\u00e4rrischer Spott halten sich die Waage und sorgen f\u00fcr ein ausgeglichenes Programm. <\/p>\n\n\n\n<p>Unsere flei\u00dfigen Mitglieder, hilfreichen Sponsoren und befreundeten Vereine\nerm\u00f6glichen es uns, f\u00fcr Jung und Alt ein kleines zu Hause f\u00fcr Heiterkeit zu\nschaffen. Hierf\u00fcr m\u00f6chten wir uns an dieser Stelle recht herzlich bedanken.\nOhne diesen R\u00fcckhalt w\u00e4ren wir nicht m\u00f6glich. <\/p>\n\n\n\n<p>Wir tragen den Narr im Herzen und erforschen, wo man Heiterkeit findet und\nf\u00f6rdert. Wer im Leben das Heitere erkennen kann, hat mehr davon. Ein gutes\nBeispiel daf\u00fcr ist die &#8218;B\u00fctte&#8216; unseres Vereins: Die Tragegriffe stammen aus\neiner Schreinerwerkstatt, die auch S\u00e4rge hergestellt hat. Das zeigt sehr\ndeutlich, dass das Leben zu kurz f\u00fcr lange Gesichter ist. <\/p>\n\n\n\n<p>Wer also Lust hat, mit uns nach Heiterkeit zu suchen und diese besser zu\nfinden \u2013 sei es mit Tanz, Gesang oder Spott oder auch nur mit hilfreichen\nTaten, ist uns herzlich willkommen. <\/p>\n","protected":false},"excerpt":{"rendered":"<p>Der Carnevals-Club Dornholzhausen stellt sich vor Die Wurzeln unseres Vereins reichen mehr als 30 Jahre zur\u00fcck: Eine Zusammenarbeit der Burschenschaften<\/p>\n","protected":false},"author":1,"featured_media":0,"parent":0,"menu_order":0,"comment_status":"closed","ping_status":"closed","template":"","meta":{"footnotes":""},"class_list":["post-51","page","type-page","status-publish","hentry"],"_links":{"self":[{"href":"http:\/\/carnevalsclub-dhh.de\/index.php?rest_route=\/wp\/v2\/pages\/51","targetHints":{"allow":["GET"]}}],"collection":[{"href":"http:\/\/carnevalsclub-dhh.de\/index.php?rest_route=\/wp\/v2\/pages"}],"about":[{"href":"http:\/\/carnevalsclub-dhh.de\/index.php?rest_route=\/wp\/v2\/types\/page"}],"author":[{"embeddable":true,"href":"http:\/\/carnevalsclub-dhh.de\/index.php?rest_route=\/wp\/v2\/users\/1"}],"replies":[{"embeddable":true,"href":"http:\/\/carnevalsclub-dhh.de\/index.php?rest_route=%2Fwp%2Fv2%2Fcomments&post=51"}],"version-history":[{"count":6,"href":"http:\/\/carnevalsclub-dhh.de\/index.php?rest_route=\/wp\/v2\/pages\/51\/revisions"}],"predecessor-version":[{"id":353,"href":"http:\/\/carnevalsclub-dhh.de\/index.php?rest_route=\/wp\/v2\/pages\/51\/revisions\/353"}],"wp:attachment":[{"href":"http:\/\/carnevalsclub-dhh.de\/index.php?rest_route=%2Fwp%2Fv2%2Fmedia&parent=51"}],"curies":[{"name":"wp","href":"https:\/\/api.w.org\/{rel}","templated":true}]}}